vide 556741?
False
Is 992226 a multiple of 61?
True
Is 2 a factor of 184206?
True
Is 44 a factor of 1600720?
True
Is 356 a factor of 1624244?
False
Does 190 divide 252890?
True
Does 47 divide 889789?
False
Does 31 divide 1945374?
True
Does 544 divide 330208?
True
Does 33 divide 320925?
True
Does 1320 divide 12739412?
False
Is 1234126 a multiple of 19?
True
Does 18 divide 5778?
True
Is 16884 a multiple of 12?
True
Does 132 divide 1291620?
True
Does 20 divide 6431097?
False
Is 49956 a multiple of 12?
True
Does 385 divide 159087?
False
Is 7 a factor of 1542753?
False
Is 94 a factor of 254176?
True
Is 75119 a multiple of 11?
True
Does 174 divide 42978?
True
Is 12 a factor of 8376864?
True
Is 283 a factor of 333657?
True
Is 51 a factor of 16594918?
False
Does 6 divide 8484?
True
Does 8 divide 174240?
True
Does 9 divide 267626?
False
Does 167 divide 1665951?
False
Does 2 divide 1525064?
True
Does 39 divide 4642265?
False
Does 85 divide 3108066?
False
Does 68 divide 371008?
True
Does 228 divide 491812?
False
Is 39900 a multiple of 15?
True
Is 276722 a multiple of 7?
False
Does 203 divide 258013?
True
Does 6 divide 750594?
True
Is 4208708 a multiple of 81?
False
Is 72 a factor of 2212615?
False
Does 14 divide 99660?
False
Does 23 divide 1107703?
True
Is 367916 a multiple of 94?
True
Does 3 divide 82839?
True
Is 5126131 a multiple of 40?
False
Is 324035 a multiple of 283?
True
Is 65 a factor of 247822?
False
Does 13 divide 21037?
False
Is 30 a factor of 392524?
False
Is 109 a factor of 23297333?
True
Is 809687 a multiple of 35?
False
Is 119 a factor of 970236?
False
Does 176 divide 1170224?
True
Does 320 divide 78881?
False
Is 353780 a multiple of 70?
True
Does 84 divide 15671120?
False
Is 860578 a multiple of 28?
False
Is 1137863 a multiple of 71?
False
Is 198 a factor of 2827242?
True
Does 20 divide 247998?
False
Is 1878000 a multiple of 500?
True
Does 530 divide 3089370?
True
Is 508616 a multiple of 724?
False
Is 64 a factor of 49408?
True
Is 181 a factor of 1361844?
True
Does 6 divide 43734?
True
Is 390 a factor of 247260?
True
Is 1442460 a multiple of 778?
False
Does 34 divide 174927?
False
Does 16 divide 213840?
True
Is 89832 a multiple of 197?
True
Is 18 a factor of 70434?
True
Is 82 a factor of 43053?
False
Is 135113 a multiple of 91?
False
Is 42059 a multiple of 307?
True
Does 16 divide 904688?
True
Is 2494964 a multiple of 291?
False
Is 409 a factor of 181596?
True
Is 56325 a multiple of 111?
False
Is 119 a factor of 1680431?
False
Does 989 divide 891089?
True
Is 873 a factor of 2664482?
False
Is 645015 a multiple of 105?
True
Does 58 divide 238?
False
Is 68 a factor of 181492?
True
Is 15 a factor of 2285685?
True
Is 10173848 a multiple of 137?
False
Is 8277789 a multiple of 29?
True
Is 584437 a multiple of 25?
False
Does 4 divide 644667?
False
Is 8 a factor of 258364?
False
Does 7 divide 215380?
False
Does 120 divide 2810760?
True
Is 38 a factor of 2020715?
False
Is 108 a factor of 2984364?
True
Is 99305 a multiple of 2?
False
Is 158 a factor of 241740?
True
Is 195462 even?
True
Is 75 a factor of 4012863?
False
Is 43 a factor of 152810?
False
Does 9 divide 737609?
False
Does 53 divide 545317?
True
Is 2220335 a multiple of 28?
False
Is 25756 a multiple of 94?
True
Does 28 divide 27888?
True
Is 106 a factor of 120416?
True
Does 186 divide 4591800?
False
Does 22 divide 621104?
True
Does 40 divide 12683054?
False
Is 8 a factor of 7686728?
True
Is 4898040 a multiple of 180?
False
Does 15 divide 1101859?
False
Is 332312 a multiple of 18?
False
Is 247852 a multiple of 172?
True
Does 3 divide 3053343?
True
Is 1061 a factor of 1312098?
False
Is 38 a factor of 7225624?
True
Does 1238 divide 139894?
True
Does 48 divide 1491594?
False
Is 935289 a multiple of 258?
False
Is 15 a factor of 221988?
False
Is 70 a factor of 155750?
True
Is 3 a factor of 66138?
True
Is 60 a factor of 2680759?
False
Is 2087485 a multiple of 92?
False
Is 1099 a factor of 34603114?
True
Is 16753572 a multiple of 36?
True
Does 42 divide 10494130?
False
Is 71 a factor of 142415?
False
Is 16 a factor of 195978?
False
Is 228 a factor of 72960?
True
Is 6495315 a multiple of 843?
True
Is 149136 a multiple of 624?
True
Does 44 divide 1462494?
False
Is 277 a factor of 72192?
False
Is 477 a factor of 122310?
False
Is 51 a factor of 2554998?
True
Is 8280866 a multiple of 11?
True
Is 1409520 a multiple of 210?
True
Does 18 divide 1664696?
False
Is 464 a factor of 62927?
False
Does 58 divide 9996?
False
Is 1396301 a multiple of 243?
False
Is 70356 a multiple of 11?
True
Is 562 a factor of 1416240?
True
Is 5489 a multiple of 37?
False
Is 10 a factor of 41160?
True
Is 312 a factor of 1923534?
False
Does 11 divide 349204?
False
Is 7 a factor of 1285578?
True
Is 15837186 a multiple of 179?
False
Does 51 divide 136027?
False
Does 44 divide 33440?
True
Is 5 a factor of 1142140?
True
Is 4142744 a multiple of 131?
True
Is 120 a factor of 4557240?
True
Does 131 divide 1689752?
False
Is 4 a factor of 1043420?
True
Is 106559 a multiple of 14?
False
Is 74 a factor of 8615743?
False
Is 299940 a multiple of 135?
False
Is 132 a factor of 363663?
False
Does 18 divide 3000330?
True
Does 22 divide 53497?
False
Is 178 a factor of 593630?
True
Is 191 a factor of 360799?
True
Is 13 a factor of 166120?
False
Does 136 divide 31812?
False
Is 796422 a multiple of 11?
True
Is 113 a factor of 1204999?
False
Is 727830 a multiple of 19?
False
Does 45 divide 328995?
True
Is 140 a factor of 162182?
False
Is 167280 a multiple of 48?
True
Is 41 a factor of 5760701?
False
Does 14 divide 322602?
True
Is 131483 a multiple of 11?
True
Does 150 divide 850874?
False
Does 367 divide 412900?
False
Is 7656657 a multiple of 49?
False
Is 23 a factor of 6782439?
False
Does 17 divide 2193706?
False
Is 179 a factor of 183126?
False
Is 139638 a multiple of 102?
True
Is 38478 a multiple of 136?
False
Is 3048610 a multiple of 17?
True
Is 17 a factor of 12586180?
False
Is 17625165 a multiple of 1923?
False
Is 7 a factor of 115312?
False
Is 629 a factor of 17160378?
True
Is 462 a factor of 771540?
True
Is 1025 a factor of 7763350?
True
Is 946991 a multiple of 331?
True
Does 19 divide 1068826?
True
Is 192 a factor of 228190?
False
Is 8 a factor of 19728?
True
Is 9259480 a multiple of 415?
True
Is 236958 a multiple of 219?
True
Does 84 divide 452424?
True
Is 12 a factor of 59052?
True
Does 48 divide 10704?
True
Is 103 a factor of 68598?
True
Is 4137 even?
False
Is 10 a factor of 7348910?
True
Is 106 a factor of 6216?
False
Is 38 a factor of 92593?
False
Is 46 a factor of 4544?
False
Is 5509801 a multiple of 105?
False
Is 1061110 a multiple of 145?
True
Does 9 divide 11277?
True
Is 37 a factor of 592740?
True
Is 181 a factor of 78965?
False
Is 243 a factor of 1128006?
True
Is 13 a factor of 1862079?
False
Does 681 divide 4959629?
False
Is 71 a factor of 2681954?
True
Is 17 a factor of 244732?
True
Is 39 a factor of 580084?
False
Is 468 a factor of 696562?
False
Is 45379 a multiple of 27?
False
Does 273 divide 2886702?
True
Is 361 a factor of 944015?
True
Is 11 a factor of 72987?
False
Is 16892 a multiple of 32?
False
Does 3 divide 104783?
False
Is 47 a factor of 595972?
False
Is 292607 a multiple of 264?
False
Is 45804 a multiple of 151?
False
Is 634148 a multiple of 28?
False
Is 287564 a multiple of 268?
True
Is 1189986 a multiple of 29?
True
Is 15 a factor of 386137?
False
Does 14 divide 759080?
True
Is 37 a factor of 19203?
True
Is 80 a factor of 354560?
True
Is 12 a factor of 411824?
False
Is 49 a factor of 260435?
True
Is 75 a factor of 1981573?
False
Is 3087 a multiple of 63?
True
Is 1955491 a multiple of 102?
False
Is 10 a factor of 198390?
True
Is 1373373 a multiple of 9?
True
Is 22 a factor of 1365012?
True
Is 13 a factor of 2090978?
False
Is 526705 a multiple of 200?
False
Is 400 a factor of 45200?
True
Does 19 divide 3108552?
True
Is 31 a factor of 19328407?
True
Is 129495 a multiple of 87?
False
Is 1306062 a multiple of 6?
True
Is 15826800 a multiple of 22?
True
Does 68 divide 8979805?
False
Does 4 divide 1281821?
False
Is 122265 a multiple of 99?
True
Is 13 a factor of 151589?
False
Is 57 a factor of 336585?
True
Is 18 a factor of 135858?
False
Is 14133236 a multiple of 13?
True
Does 18 divide 848842?
False
Is 10 a factor of 62